1536320?
1536301
In base 5, what is 13444110 + -220033?
13224022
In base 16, what is -2fb33 - a0f?
-30542
In base 15, what is e + -29d124?
-29d115
In base 9, what is 153385010 - -2?
153385012
In base 5, what is 22233134 - -1204?
22234343
In base 2, what is 10000000000100101001 - 11?
10000000000100100110
In base 8, what is -17705713 - -4?
-17705707
In base 4, what is 1202322212 + 2030?
1202330302
In base 7, what is 444404 + 62?
444466
In base 16, what is -53949f + 2?
-53949d
In base 12, what is 0 - -9a1268?
9a1268
In base 5, what is -4 - 14000003422?
-14000003431
In base 3, what is 111222100 + -2220211?
102001112
In base 2, what is 10001101001 + 101011100101110?
101101110010111
In base 10, what is -16982 - 175?
-17157
In base 12, what is 200 + -83038?
-82a38
In base 16, what is -2a7 - -9b93b?
9b694
In base 5, what is -322 + -11002132?
-11003004
In base 10, what is 108244 + 31?
108275
In base 12, what is 25433324 - -5?
25433329
In base 9, what is 153 - -14754?
15017
In base 2, what is -10101011110 - 100101110000111?
-101000011100101
In base 2, what is -10101110110100100 - -1101010?
-10101110100111010
In base 3, what is 11000 - 2000021022?
-2000010022
In base 16, what is 289f - cf3?
1bac
In base 10, what is -7027017 - -2?
-7027015
In base 16, what is 1 - -89976d3?
89976d4
In base 2, what is -101110 - 10001011111111110?
-10001100000101100
In base 10, what is -1 - -1453427?
1453426
In base 6, what is -53325 - -3233441?
3140112
In base 7, what is 245 - -1515110?
1515355
In base 5, what is 2221 - 3140044?
-3132323
In base 15, what is 50cea9 - -3?
50ceac
In base 8, what is -316127143 + 2?
-316127141
In base 5, what is -14001 + -3021322?
-3040323
In base 11, what is -12624 - -2189?
-10446
In base 4, what is -2012200 - -303313?
-1102221
In base 8, what is -16207303 + 2?
-16207301
In base 16, what is 137f40 - 3?
137f3d
In base 12, what is -28ab4ab - -1?
-28ab4aa
In base 12, what is -58 + -35673b?
-356797
In base 16, what is 1 + a6a2b8?
a6a2b9
In base 3, what is -2210122101101212212 - 10?
-2210122101101212222
In base 16, what is -581 - -2891?
2310
In base 7, what is -144266 + -216005?
-363304
In base 12, what is 19b - 11091?
-10ab2
In base 8, what is 206630517 - -4?
206630523
In base 6, what is 153021 + -40024?
112553
In base 8, what is 1505 - 7007?
-5302
In base 5, what is -3242 - 11012?
-14304
In base 3, what is -2101210221 + 21110?
-2101112111
In base 2, what is -101110000001000101 - -1111?
-101110000000110110
In base 7, what is 31 + 100625063?
100625124
In base 12, what is 18 - 63b04b7?
-63b049b
In base 13, what is 5c570c - -15?
5c5724
In base 10, what is 1854146 - 18?
1854128
In base 4, what is -1002320323 - 203?
-1002321132
In base 4, what is 212 + -12110222213?
-12110222001
In base 12, what is 7420b - -34?
74243
In base 9, what is -20041665 + -110?
-20041775
In base 11, what is -3 - 3514507?
-351450a
In base 4, what is -1013 - -13210110301?
13210103222
In base 5, what is 43443 - 31122?
12321
In base 16, what is -10f3 - 100be?
-111b1
In base 3, what is -11000010101101 - 111?
-11000010101212
In base 11, what is 37900 + 9278?
46078
In base 2, what is -1001101111010001 - 11100?
-1001101111101101
In base 7, what is -62301 - -54?
-62214
In base 8, what is 116725 + -11276?
105427
In base 9, what is -18880 - -2614?
-16265
In base 11, what is 64177554 + -5?
6417754a
In base 6, what is 1143301034 + 30?
1143301104
In base 11, what is -11 + 384431?
384420
In base 10, what is -3404589 + 2?
-3404587
In base 16, what is 234dca8 + 2?
234dcaa
In base 3, what is 1120221020001 + 0?
1120221020001
In base 14, what is -8 + -25864bd?
-25864c7
In base 10, what is 1405928 - 4?
1405924
In base 6, what is 255401 + -222?
255135
In base 16, what is -717df + 7?
-717d8
In base 13, what is -12 - -a35a5?
a3593
In base 4, what is 1032123331310 - -11?
1032123331321
In base 2, what is -10 - -1000111100111001010110?
1000111100111001010100
In base 5, what is -10303111 + 14143?
-10233413
In base 3, what is 1211010 + 1002100022?
1011011102
In base 4, what is -102 - -3321232122?
3321232020
In base 6, what is 3 + 1005501414?
1005501421
In base 15, what is -2 + 5032aed?
5032aeb
In base 15, what is 7ce882 - -3?
7ce885
In base 2, what is 11100011011000100 + 100000010?
11100011111000110
In base 7, what is 15221 - -22606?
41130
In base 5, what is 43004344 - -32?
43004431
In base 16, what is -d7043f6 - 2?
-d7043f8
In base 4, what is 1321123121103 - 12?
1321123121031
In base 13, what is 6664 - 74?
65c0
In base 10, what is 141325718 + -1?
141325717
In base 8, what is -10376 - 20166?
-30564
In base 6, what is 125032441 - 5?
125032432
In base 3, what is -11011202021 - 101211?
-11012011002
In base 6, what is 20 - -54443052?
54443112
In base 6, what is 2 + 4544025414?
4544025420
In base 10, what is 3843944 + -59?
3843885
In base 10, what is 3 - -109351056?
109351059
In base 3, what is 1002022 - -2022121102?
2100200201
In base 8, what is -13323601 - -3?
-13323576
In base 11, what is 2 + 26aa264?
26aa266
In base 10, what is -49600835 - 5?
-49600840
In base 6, what is -55 - -2025442123?
2025442024
In base 13, what is -95a7aa - -199?
-95a611
In base 2, what is -101100010010 - -111010010?
-100101000000
In base 15, what is 20 + -68cb0?
-68c90
In base 9, what is -24 - 4264540?
-4264564
In base 13, what is -248c93a - 3?
-248c940
In base 5, what is -1144201122 - -4?
-1144201113
In base 4, what is 1203010133320002 - 1?
1203010133320001
In base 8, what is 3165151 - 12?
3165137
In base 5, what is 202024 + -1013331?
-311302
In base 4, what is 3020 + 203321031?
203330111
In base 4, what is 223323233031102 - -2?
223323233031110
In base 6, what is -434025033 - -5?
-434025024
In base 2, what is -100110111001100 + 11101011010?
-100011001110010
In base 14, what is -278633 - -1?
-278632
In base 10, what is -26363 - 5755?
-32118
In base 8, what is 1163 - 5522?
-4337
In base 13, what is -4 - 37a0c833?
-37a0c837
In base 6, what is -1434 + -130355?
-132233
In base 2, what is 1010000101010000011 - -10011?
1010000101010010110
In base 6, what is 33 + 31100522?
31100555
In base 5, what is 4 - -123241000?
123241004
In base 6, what is -3301345255 - -4?
-3301345251
In base 12, what is -24a1 + 82088?
7b7a7
In base 4, what is 223332122120 + 32?
223332122212
In base 4, what is -102111113003 + -1?
-102111113010
In base 6, what is -23 + -145303023?
-145303050
In base 6, what is 52310 + -3542?
44324
In base 11, what is 13054832 - 4?
13054829
In base 8, what is 1 + 5426616?
5426617
In base 14, what is -2 - -2c529c?
2c529a
In base 10, what is 147451 + -8398?
139053
In base 11, what is 28a2 + 1869?
4660
In base 7, what is -1051121 + -31?
-1051152
In base 16, what is -4cb1fa64 - -5?
-4cb1fa5f
In base 14, what is 497d49 - -6c?
497db7
In base 14, what is 1b - 3bdd885?
-3bdd868
In base 10, what is 4 + 62385102?
62385106
In base 4, what is 100022 - 222123?
-122101
In base 10, what is -3 + 3076729?
3076726
In base 9, what is 135202030 - 27?
135202002
In base 9, what is -54844 + 13?
-54831
In base 12, what is 2 + -1633a92?
-1633a90
In base 7, what is 34011 - -13511?
50522
In base 8, what is 2 - -11533503?
11533505
In base 14, what is 13d65 - 3?
13d62
In base 10, what is 1177016 - -96?
1177112
In base 11, what is -1a + -519a7a?
-519a99
In base 14, what is 1404a42 - 4?
1404a3c
In base 6, what is 51134 + 41421?
132555
In base 5, what is 3 - 2202203314?
-2202203311
In base 5, what is 22322243 - 232?
22322011
In base 4, what is 0 - -222323011300?
222323011300
In base 3, what is -1020220022 + -200212001?
-1221202100
In base 6, what is -1255 - -400444?
355145
In base 7, what is 2120023 + 3115?
2123141
In base 6, what is -1311 + -202420?
-204131
In base 16, what is cb3 + 1c1?
e74
In base 4, what is -2101330020033 - 10?
-2101330020103
In base 2, what is -10011010000 - -1001100110111110?
1001010011101110
In base 13, what is -b06a8 + -ccc?
-b16a7
In base 15, what is -8 + 2b78ac?
2b78a4
In base 10, what is -23936453 + 3?
-23936450
In base 13, what is -13b4 + -75a?
-1b41
In base 14, what is 1cb5a9 - 75?
1cb534
In base 3, what is -100210111 - 1110011022?
-1210221210
In base 16, what is -346 - -1f4?
-152
In base 10, what is -36944 - -267?
-36677
In base 2, what is -1001001010100 + 1111000111000?
101111100100
In base 5, what is -120 - 4304232212?
-4304232332